isor of 705 and 255?
15
What is the greatest common factor of 143 and 195?
13
Calculate the highest common factor of 1952 and 32.
32
Calculate the greatest common divisor of 32 and 36.
4
Calculate the highest common factor of 82 and 234.
2
What is the highest common factor of 4 and 2672?
4
What is the greatest common factor of 272 and 153?
17
What is the highest common divisor of 11 and 3795?
11
What is the highest common factor of 71 and 781?
71
What is the greatest common factor of 7620 and 120?
60
What is the greatest common divisor of 51 and 221?
17
What is the highest common divisor of 120 and 186?
6
Calculate the highest common divisor of 87 and 3.
3
Calculate the greatest common factor of 186 and 155.
31
What is the highest common factor of 42 and 42?
42
Calculate the highest common divisor of 70 and 110.
10
What is the highest common divisor of 395 and 1264?
79
What is the greatest common factor of 72 and 56?
8
What is the highest common divisor of 52 and 180?
4
Calculate the highest common factor of 136 and 170.
34
What is the highest common divisor of 4 and 68?
4
What is the greatest common factor of 17 and 11101?
17
Calculate the highest common divisor of 84 and 532.
28
Calculate the greatest common divisor of 18 and 1754.
2
Calculate the greatest common divisor of 13 and 8970.
13
Calculate the highest common factor of 12559 and 57.
19
What is the greatest common divisor of 48 and 156?
12
What is the greatest common divisor of 81 and 135?
27
What is the greatest common divisor of 1428 and 12?
12
Calculate the greatest common factor of 24 and 30.
6
Calculate the highest common divisor of 544 and 85.
17
Calculate the highest common divisor of 115 and 69.
23
Calculate the greatest common factor of 80 and 256.
16
Calculate the highest common divisor of 99 and 52734.
33
Calculate the highest common factor of 299 and 1287.
13
Calculate the greatest common divisor of 60960 and 80.
80
Calculate the greatest common divisor of 992 and 72.
8
What is the highest common factor of 52 and 650?
26
Calculate the highest common factor of 58 and 18386.
58
Calculate the highest common factor of 162 and 12.
6
Calculate the highest common divisor of 867 and 75.
3
What is the greatest common factor of 6 and 18816?
6
What is the greatest common factor of 29 and 1189?
29
What is the highest common factor of 25 and 11?
1
What is the highest common divisor of 2732 and 1?
1
Calculate the highest common factor of 36864 and 144.
144
Calculate the greatest common divisor of 22100 and 204.
68
Calculate the greatest common factor of 308 and 224.
28
Calculate the highest common divisor of 348 and 5046.
174
Calculate the greatest common divisor of 425 and 34.
17
What is the highest common factor of 972 and 12?
12
Calculate the greatest common divisor of 266 and 28.
14
What is the highest common divisor of 328 and 24?
8
What is the greatest common factor of 7 and 3983?
7
What is the greatest common factor of 170 and 34?
34
Calculate the greatest common divisor of 12314 and 470.
94
What is the greatest common factor of 110 and 10?
10
What is the greatest common factor of 8968 and 19?
19
What is the highest common divisor of 140 and 20?
20
Calculate the greatest common factor of 52 and 36.
4
Calculate the greatest common factor of 160 and 16680.
40
Calculate the highest common divisor of 1503 and 63.
9
Calculate the greatest common factor of 42 and 2562.
42
Calculate the greatest common factor of 1743 and 2739.
249
What is the highest common divisor of 1320 and 3135?
165
Calculate the highest common divisor of 768 and 32.
32
What is the highest common divisor of 224 and 544?
32
Calculate the highest common factor of 3969 and 245.
49
Calculate the greatest common divisor of 6228 and 36.
36
What is the highest common divisor of 276 and 4508?
92
What is the highest common factor of 40 and 4670?
10
Calculate the greatest common factor of 17730 and 180.
90
Calculate the highest common divisor of 232 and 32.
8
Calculate the greatest common factor of 4130 and 140.
70
Calculate the highest common divisor of 122 and 854.
122
What is the greatest common divisor of 176 and 55528?
88
Calculate the greatest common factor of 17 and 2023.
17
What is the highest common divisor of 710 and 110?
10
What is the highest common divisor of 36 and 456?
12
What is the greatest common factor of 4 and 148?
4
Calculate the greatest common factor of 2945 and 285.
95
What is the greatest common factor of 5 and 17?
1
What is the greatest common divisor of 120 and 2?
2
Calculate the greatest common divisor of 1372 and 14.
14
What is the greatest common factor of 1800 and 20?
20
What is the greatest common divisor of 13 and 5837?
13
What is the greatest common factor of 240 and 36?
12
Calculate the highest common divisor of 9393 and 2424.
303
What is the greatest common divisor of 10 and 7010?
10
Calculate the highest common factor of 117 and 104.
13
Calculate the greatest common divisor of 1 and 307.
1
What is the greatest common divisor of 4521 and 33?
33
What is the greatest common factor of 4 and 22?
2
Calculate the highest common factor of 333 and 1143.
9
What is the highest common divisor of 848 and 53?
53
What is the highest common factor of 768 and 24?
24
What is the highest common divisor of 3 and 51?
3
What is the greatest common divisor of 104 and 2392?
104
What is the greatest common factor of 60 and 45?
15
Calculate the greatest common divisor of 35 and 1610.
35
What is the highest common factor of 2814 and 268?
134
Calculate the highest common divisor of 1 and 7975.
1
What is the highest common divisor of 1030 and 640?
10
What is the greatest common divisor of 8 and 400?
8
Calculate the greatest common factor of 328 and 136.
8
Calculate the highest common factor of 23 and 253.
23
Calculate the highest common divisor of 26 and 221.
13
What is the highest common factor of 842 and 22?
2
What is the greatest common divisor of 155 and 5?
5
What is the highest common factor of 2 and 3737?
1
What is the highest common divisor of 8 and 152?
8
Calculate the highest common factor of 5 and 11.
1
Calculate the greatest common factor of 815 and 489.
163
Calculate the highest common divisor of 1054 and 62.
62
What is the highest common divisor of 100 and 184?
4
Calculate the greatest common factor of 368 and 16.
16
What is the highest common factor of 350 and 910?
70
What is the highest common factor of 50 and 3670?
10
What is the greatest common divisor of 4301 and 1265?
253
Calculate the greatest common factor of 2114 and 28.
14
Calculate the highest common divisor of 576 and 9.
9
What is the highest common divisor of 602 and 5203?
43
What is the highest common divisor of 41 and 19?
1
Calculate the greatest common factor of 1548 and 54.
18
Calculate the greatest common factor of 36 and 14814.
18
Calculate the highest common divisor of 36 and 2124.
36
Calculate the highest common divisor of 12 and 870.
6
Calculate the greatest common divisor of 76 and 38.
38
What is the greatest common divisor of 64 and 40?
8
Calculate the highest common divisor of 1010 and 3434.
202
What is the highest common factor of 140 and 1260?
140
Calculate the greatest common factor of 8864 and 32.
32
What is the greatest common divisor of 90 and 650?
10
Calculate the greatest common factor of 63 and 18.
9
Calculate the greatest common factor of 63 and 27.
9
What is the greatest common factor of 258 and 6?
6
Calculate the highest common factor of 2736 and 432.
144
What is the highest common factor of 19342 and 19?
19
Calculate the highest common divisor of 40 and 28360.
40
Calculate the highest common divisor of 594 and 54.
54
Calculate the greatest common divisor of 248 and 1891.
31
What is the greatest common factor of 12827 and 101?
101
What is the greatest common factor of 8195 and 550?
55
What is the highest common divisor of 18 and 522?
18
What is the greatest common divisor of 2599 and 69?
23
What is the highest common factor of 180 and 75?
15
What is the greatest common divisor of 38 and 11?
1
Calculate the highest common factor of 2196 and 7808.
244
Calculate the greatest common divisor of 35 and 300.
5
Calculate the highest common factor of 15 and 4965.
15
Calculate the highest common factor of 264 and 228.
12
C